se y = -4*m + 33 + 27. What is the units digit of m?
5
Let o = -22 - -13. Let q be (3/o)/((-1)/9). Let g = q - -11. What is the tens digit of g?
1
Let q(o) = 2*o**2 - 2*o + 3. Let r be q(2). Suppose -56 = -r*b + 3*b. What is the units digit of b?
4
Let m = -137 + 281. What is the tens digit of m?
4
Let p(s) = 6*s**2 - s + 3. Let w be (-2)/5 - 22/(-5). Let h(g) = -g**2 + g - 1. Let j(x) = w*h(x) + p(x). What is the units digit of j(2)?
3
Suppose 3*v - 14 + 5 = 0. Let g = v + 1. Suppose -g*l - i + 6 = 0, 0 = 5*l + 2*i - 3*i - 3. What is the units digit of l?
1
Suppose 44 = -4*h - 3*w + 2*w, -3*h + 3*w - 33 = 0. Let x = h + 12. What is the tens digit of (16 - 7) + x/1?
1
Suppose -3*i - i + 104 = 0. What is the tens digit of i?
2
Let q = 4 - 0. Suppose 0*b - 28 = q*b. Let u(a) = a + 12. What is the units digit of u(b)?
5
Suppose 10 = 4*k + k. Let b be k/5 - (-27)/(-5). What is the units digit of 1 + b/((-10)/4)?
3
Suppose -4*y - 5*u + 463 = 0, -u - u + 118 = y. What is the units digit of (-5)/15 - y/(-12)?
9
What is the units digit of (-2 - 1*-13*10) + -3?
5
Let v be (-18)/(-30) + 13/(-5). What is the units digit of (-3 - v) + 1 + 28?
8
Suppose -18*j + 15*j = -99. What is the units digit of j?
3
Let m be 1/2 + (-28)/(-8). Suppose -3*p + 14 = -m. What is the units digit of p?
6
Let m be (-3)/2*2/(-3). Let s(b) = -18*b**2 + 6*b - 5. Let x(f) = -f + 1. Let n(c) = -s(c) - 4*x(c). What is the tens digit of n(m)?
1
Let u(v) = v - 4. Let j be u(2). What is the units digit of 9/(-12)*2*j?
3
Let b(y) = -y + 8. Let r(i) = -i**3 + 6*i**2 - 3*i - 2. Let m be r(5). Suppose 5*l = 3*f - 42, -f + 0 = 2*l + m. What is the units digit of b(l)?
4
Suppose -23 - 12 = 5*t. Let m = -6 - t. What is the units digit of m?
1
Suppose i - 16 = 2*w, -2*i - 2*w = i - 16. Let x be i/6*(-45)/(-6). Suppose -4*n - 3*m + x = -0*n, 5*n - m = 3. What is the units digit of n?
1
Let j(y) = -y**2 + 12*y - 1. Let w = 8 + 2. What is the tens digit of j(w)?
1
Let u be (2 + -26)*(-1)/3. Let s be (0 - (-4)/(-2))*-2. Suppose s = 3*x - 5*v, 4*x - 7*v = -3*v + u. What is the units digit of x?
3
Suppose -5*c - j - 5 = -68, -3*j - 71 = -5*c. Let t = c + -6. Let r = 5 + t. What is the units digit of r?
2
Let w(j) = -j**3 + 4*j**2 - j. Let p be w(3). Suppose -p + 2 = 2*m. What is the units digit of 1*(-27)/(m - 1)?
9
Suppose 5*r + 13 = -22. Let f(l) = -l**2 - 9*l + 8. What is the units digit of f(r)?
2
Suppose 416 = 5*o + 5*s - 6*s, -3*o - 3*s + 246 = 0. What is the units digit of o?
3
Let s be (-1)/(-4) + 15/(-12). Let y = -3 - s. What is the units digit of (y/2)/(2/(-2))?
1
Suppose q - 53 = -h + 4*q, -5*h = 2*q - 214. What is the units digit of h?
4
Suppose p = -0*p + 3. Suppose w + 6 = -p*s, w + 4*s - 5 = 4*w. What is the units digit of ((-1)/(-3))/((-1)/w)?
1
Let v be (-6)/(-15) - 18/(-5). Let p = v + -3. What is the units digit of p + -1 + -1 - -8?
7
Suppose 2*w - 22 = 3*a + 44, w + 2*a - 47 = 0. What is the tens digit of w?
3
Suppose 0 = -g, 4*a - 9 = -5*g + 7. Let r = a + 1. What is the units digit of r?
5
Suppose 0 = -4*o - 3*z - 36, -2*z + 0*z = 5*o + 38. Let l(q) = -2*q - 3. What is the units digit of l(o)?
9
Let d(g) = g**3 - 4*g**2 + 3*g + 2. Let o be d(3). Let i(t) = 7*t - t**3 + 0 + 0 + 7 + 6*t**o. What is the units digit of i(7)?
7
What is the tens digit of (16/(-10))/((-2)/25)?
2
Suppose 0 = d + s - 72 - 96, 4*s = -d + 162. What is the tens digit of d?
7
Let j(p) = 2*p**2 - p. Let f be j(-1). Suppose -3 = -o + 2*n, o + 4*o - 15 = -f*n. What is the units digit of o?
3
Suppose 3*i + 1573 = 4*c + 2*i, 5*i + 5 = 0. What is the units digit of c?
3
Suppose 3*n + n - 4 = 0. Let f = n + -1. Suppose f = s - 1. What is the units digit of s?
1
Suppose 20 = -h + 6*h. Suppose 26 = 5*n + h*w, 0 = 2*n - 0*w - w. Suppose -j + n + 1 = 0. What is the units digit of j?
3
Suppose -c = -2 - 7. Suppose 0 = -2*v + 6, -k - 4*v = -c*v - 7. Suppose 87 - k = 5*r. What is the units digit of r?
3
Suppose 3*q - 3*h + 3 = q, -q - 5*h = -5. Let l = q - -12. What is the units digit of l?
2
Let i be (-1 - 3/(-3)) + -1. Let b be 5/3 - i/3. Suppose 0 = q + 7 - b, -4*q - 29 = -3*c. What is the units digit of c?
3
Let d be (-6)/8 + 38/8. Suppose 24 = 3*z + z. Let l = z + d. What is the units digit of l?
0
Suppose 2*a + 12 = 4*n - 0*a, -4*a + 4 = -n. Suppose -s - n*s = -20. Suppose -r + 27 = s*z, z + 2*r = -3*r + 21. What is the units digit of z?
6
Suppose 2*j = -4*i + 30, 3*i = -2*j - 3*j + 19. Let f = 12 - i. What is the units digit of (-36)/(-8) - 2/f?
4
Let m(c) = c**2 - 2*c + 3. Let z be m(3). What is the tens digit of z*(-2)/(-4) + 14?
1
What is the units digit of 164/12 + (-12)/(-9)?
5
Let a be (-1)/(1/2) + 7. Suppose a = 3*r - 1. Suppose r*x = 4*w - 22, -3*w - 2*x + 24 - 4 = 0. What is the units digit of w?
6
Suppose 21 = -y + 3*r, -25 = 4*y + 2*r + 3. Let i be 2*1 + (-6 - y). Suppose 0 = i*a - v - 11, -3*a + 16 = 5*v - 13. What is the units digit of a?
3
Let v(w) = w**2. What is the units digit of v(7)?
9
Suppose 0 = -w + 5*w - 20. What is the units digit of w?
5
Suppose 0 = -5*v + m + 301, v + 4*m = 78 - 1. What is the units digit of v?
1
Suppose 8*b = 9*b. Suppose 5*s - 4*s - 2 = b. What is the units digit of s?
2
Suppose -a = -5*a + 168. Suppose 5*x - 2*f - a - 48 = 0, 2*x - 3*f - 25 = 0. What is the tens digit of x?
2
Suppose -4*r - 10 = t, 2*t - t + 3*r = -7. Suppose -l = -t*l. Suppose l = g + 5*x - 16 + 1, -4*g + 5*x = -10. What is the units digit of g?
5
Suppose -4*o - 8 = -3*o. Suppose 11 + 14 = -l. Let q = o - l. What is the units digit of q?
7
Suppose -u + 5 + 5 = -m, 0 = u - 5*m + 6. What is the tens digit of u?
1
Let l be 13 - (-4 + 2) - 1. Suppose -w + l = w. What is the tens digit of (35 + w)*(-2)/(-6)?
1
Suppose 0 = 2*w - 6, -3*a - w - 3 = w. Let d(l) = l**3 + 3*l**2 - 3*l - 3. What is the units digit of d(a)?
6
Let s = 7 + -3. Suppose 0 = -j + s*j - 30. What is the tens digit of j?
1
What is the tens digit of 6/(-8) + 254/8?
3
Suppose 213 = 2*a + 5*q, -5*a - 10*q = -11*q - 573. What is the units digit of a?
4
Suppose 29*u = 32*u - 69. What is the tens digit of u?
2
What is the units digit of (-4)/(-4)*383 + 6?
9
What is the units digit of (1 - -1) + 3/(12/244)?
3
Let x = -10 - -7. Let d be (-7)/(-21) - (-16)/x. Let o = d - -6. What is the units digit of o?
1
Suppose 4*g = 165 + 131. What is the tens digit of g?
7
Let l(j) = -10*j**3 - 4*j**2 + j - 1. What is the tens digit of l(-2)?
6
Let n(j) be the third derivative of -j**6/360 - 7*j**5/120 - j**4/6 - j**3/2 - j**2. Let r(p) be the first derivative of n(p). What is the units digit of r(-3)?
8
Let l(f) be the second derivative of -4*f**3/3 - 3*f**2/2 - f. What is the units digit of l(-3)?
1
Suppose h + h = -f - 5, f + 3*h + 7 = 0. Let x = -2 - -4. What is the units digit of 3 + f + (-2)/x?
1
Let k(g) = g**2 + 5*g - 6. Let y be k(-6). Suppose -55 = -5*m - y. What is the units digit of m?
1
Suppose 2 = 7*r - 124. What is the units digit of r?
8
Let y(n) = n**2 - 3*n + 9. Let d be y(6). What is the tens digit of d - 4*2/4?
2
Let x be 1*(6 - 0 - 1). Suppose -w + 53 = 4*y, x*y + 2*w + 2*w = 80. What is the units digit of y?
2
Let h(i) = -i**2 + 5*i + 5. Let o be h(5). Let g = 10 - o. What is the units digit of g?
5
Suppose 25 = -4*s - 0*k + 5*k, -5*s = -3*k + 28. Let r(i) = -i + 5. What is the tens digit of r(s)?
1
Suppose -3*m = 2*m - 270. What is the units digit of m?
4
Suppose 3*o = -0*o + 9. Let z be (o + -6)*(-1 + 2). What is the tens digit of (-55)/z - 1/3?
1
Let d be (-3 + 3 - -3)/1. Suppose -d = 5*k - 3*a + 1, -5*a + 15 = 0. What is the units digit of k?
1
Let r(k) = k**2 + 4*k. Let h be r(-4). Let p = h - -3. Suppose -7 = -v + p. What is the units digit of v?
0
Suppose -5*m + 3 = -2*m, 97 = 3*j - 2*m. What is the units digit of j?
3
Let a(k) = k**3 - k**2 + 4*k - 3. What is the units digit of a(2)?
9
Suppose 3*h + 9 = -2*i + i, -5*h = -3*i + 1. What is the units digit of 9*(-3)/6*h?
9
Suppose 4*v = 2*n - 104, -3*v + 59 = 3*n - 133. Let x be ((-3)/(-9))/(4/n). Let w(p) = -p**2 + 5*p + 6. What is the units digit of w(x)?
6
Let k = 5 + -5. Suppose 2*g + g - 15 = k. What is the units digit of g?
5
Let z = 48 + -34. What is the units digit of z?
4
Let v be 4/6 + (-238)/(-3). Suppose -4*c - l = -v, -12 + 0 = -3*l. What is the tens digit of c?
